{"id":2,"date":"2018-07-24T07:47:46","date_gmt":"2018-07-24T07:47:46","guid":{"rendered":"https:\/\/www.efisannointi.fi\/www\/?page_id=2"},"modified":"2024-02-18T07:04:18","modified_gmt":"2024-02-18T05:04:18","slug":"sample-page","status":"publish","type":"page","link":"https:\/\/www.efisannointi.fi\/www\/","title":{"rendered":"Kotisivu"},"content":{"rendered":"<p><img loading=\"lazy\" decoding=\"async\" class=\"alignnone size-medium wp-image-46\" src=\"https:\/\/www.efisannointi.fi\/www\/wp-content\/uploads\/EF_Isannointi_logo_RGB-300x75.png\" alt=\"EF Is\u00e4nn\u00f6inti logo\" width=\"300\" height=\"75\" srcset=\"https:\/\/www.efisannointi.fi\/www\/wp-content\/uploads\/EF_Isannointi_logo_RGB-300x75.png 300w, https:\/\/www.efisannointi.fi\/www\/wp-content\/uploads\/EF_Isannointi_logo_RGB.png 472w\" sizes=\"auto, (max-width: 300px) 100vw, 300px\" \/><\/p>\n<p><em><strong>EF Is\u00e4nn\u00f6inti<\/strong> on tarjonnut is\u00e4nn\u00f6innin palveluita 2010 -luvun alusta. EF Is\u00e4nn\u00f6inti on pieni ja ketter\u00e4, asiakasl\u00e4ht\u00f6inen is\u00e4nn\u00f6intiyritys, jossa palvelu on henkil\u00f6kohtaista.\u00a0<\/em><\/p>\n<p><em>Tavoitteenamme on tyytyv\u00e4iset asiakkaat, osakkaat ja asukkaat, joiden omaisuudesta pid\u00e4mme yhdess\u00e4 yhti\u00f6n hallituksen ja omistajien kanssa hyv\u00e4\u00e4 huolta.<\/em><\/p>\n<p><em>Laadukkaalla is\u00e4nn\u00f6innill\u00e4 haluamme tarjota asunto-osakeyhti\u00f6iden osakkaille vaivatonta ja huoletonta omistamista ja asumista. Asunto-osakeyhti\u00f6iden yleiseen hallinnointiin ja talousosaamiseen keskittyv\u00e4 osaamisemme auttaa omistajia hyv\u00e4ss\u00e4 asumisessa ja omistamisessa sek\u00e4 toisaalta v\u00e4ltt\u00e4m\u00e4\u00e4n yll\u00e4tykset viranomaisten ja talouden osalta. <\/em><\/p>\n<p><em>Pyrkimyksemme ei ole laajentua is\u00e4nn\u00f6intialalla hallitsemattomasti, mutta t\u00e4ll\u00e4 hetkell\u00e4 meill\u00e4 on mahdollisuus ottaa muutamia uusia asiakkaita Toimialueemme on L\u00e4nsi-Uusimaa ja p\u00e4\u00e4kaupunkiseutu. Jos olet kiinnostunut, ota meihin yhteytt\u00e4: voit soittaa 040 1989 982 tai laittaa s\u00e4hk\u00f6postia info@efisannointi.fi<\/em><\/p>\n","protected":false},"excerpt":{"rendered":"<p>EF Is\u00e4nn\u00f6inti on tarjonnut is\u00e4nn\u00f6innin palveluita 2010 -luvun alusta. EF Is\u00e4nn\u00f6inti on pieni ja ketter\u00e4, asiakasl\u00e4ht\u00f6inen is\u00e4nn\u00f6intiyritys, jossa palvelu on henkil\u00f6kohtaista.\u00a0 Tavoitteenamme on tyytyv\u00e4iset asiakkaat, osakkaat ja asukkaat, joiden omaisuudesta pid\u00e4mme yhdess\u00e4 yhti\u00f6n hallituksen ja omistajien kanssa hyv\u00e4\u00e4 huolta. Laadukkaalla is\u00e4nn\u00f6innill\u00e4 haluamme tarjota asunto-osakeyhti\u00f6iden osakkaille vaivatonta ja huoletonta omistamista ja asumista. Asunto-osakeyhti\u00f6iden yleiseen hallinnointiin ja &hellip; <a href=\"https:\/\/www.efisannointi.fi\/www\/\" class=\"more-link\">Jatka artikkeliin <span class=\"screen-reader-text\">Kotisivu<\/span><\/a><\/p>\n","protected":false},"author":1,"featured_media":0,"parent":0,"menu_order":0,"comment_status":"closed","ping_status":"open","template":"","meta":{"footnotes":""},"class_list":["post-2","page","type-page","status-publish","hentry"],"_links":{"self":[{"href":"https:\/\/www.efisannointi.fi\/www\/index.php?rest_route=\/wp\/v2\/pages\/2","targetHints":{"allow":["GET"]}}],"collection":[{"href":"https:\/\/www.efisannointi.fi\/www\/index.php?rest_route=\/wp\/v2\/pages"}],"about":[{"href":"https:\/\/www.efisannointi.fi\/www\/index.php?rest_route=\/wp\/v2\/types\/page"}],"author":[{"embeddable":true,"href":"https:\/\/www.efisannointi.fi\/www\/index.php?rest_route=\/wp\/v2\/users\/1"}],"replies":[{"embeddable":true,"href":"https:\/\/www.efisannointi.fi\/www\/index.php?rest_route=%2Fwp%2Fv2%2Fcomments&post=2"}],"version-history":[{"count":10,"href":"https:\/\/www.efisannointi.fi\/www\/index.php?rest_route=\/wp\/v2\/pages\/2\/revisions"}],"predecessor-version":[{"id":200,"href":"https:\/\/www.efisannointi.fi\/www\/index.php?rest_route=\/wp\/v2\/pages\/2\/revisions\/200"}],"wp:attachment":[{"href":"https:\/\/www.efisannointi.fi\/www\/index.php?rest_route=%2Fwp%2Fv2%2Fmedia&parent=2"}],"curies":[{"name":"wp","href":"https:\/\/api.w.org\/{rel}","templated":true}]}}