{"id":22,"date":"2018-07-24T11:43:58","date_gmt":"2018-07-24T08:43:58","guid":{"rendered":"https:\/\/www.efisannointi.fi\/www\/?page_id=22"},"modified":"2022-10-30T16:33:14","modified_gmt":"2022-10-30T14:33:14","slug":"palvelut","status":"publish","type":"page","link":"https:\/\/www.efisannointi.fi\/www\/?page_id=22","title":{"rendered":"Palvelut"},"content":{"rendered":"<h2>Palvelumme &#8211; kokonaisvaltaista is\u00e4nn\u00f6inti\u00e4<\/h2>\n<ul>\n<li>Huolet pois! Me hoidamme.<\/li>\n<li>Huolehdimme yhti\u00f6n hallinnosta ja taloudesta<\/li>\n<li>Palvelumallimme on monikanavainen: kunkin taloyhti\u00f6n jokainen osakas saa itse valita haluaako h\u00e4n tiedotteet, yhti\u00f6kokousmateriaalit, vastikelaskut ja muun materiaalin sek\u00e4 pit\u00e4\u00e4 yhteytt\u00e4 meihin paperilla vai s\u00e4hk\u00f6isesti<\/li>\n<li>Seuraamme aktiivisesti asumiseen liittyv\u00e4n s\u00e4\u00e4ntelyn muutoksia ja trendej\u00e4 ja tiedotamme niiden vaikutuksesta taloyhti\u00f6ille\/hallitukselle<\/li>\n<li>Hoidamme yhti\u00f6kokousten j\u00e4rjest\u00e4misen ja koordinoimme hallituksen kokoukset ja luonnollisesti hoidamme sihteerin teht\u00e4v\u00e4t ja muut kirjalliset ty\u00f6t<\/li>\n<li>Huolehdimme viranomaisasioinnista, PRH ilmoitukset, verottaja, jne.<\/li>\n<li>Hoidamme yhti\u00f6n laskutuksen: vastikelaskutukset sek\u00e4 muut toimintaan kuuluvat laskut (saunamaksut, vesimaksut, jne.)<\/li>\n<li>Huolehdimme yhti\u00f6n taloudesta kokonaisvaltaisesti. Seuraamme kassavirtaa, teemme kirjanpidon ja vastikeseurannan, teemme tilinp\u00e4\u00e4t\u00f6ksen raportointeineen, hoidamme ja veroilmoituksen, jne. Toimitamme hallitukselle haluttaessa v\u00e4liraportteja<\/li>\n<li>Huolehdimme hankkeiden rahoituksesta, neuvottelemme yhti\u00f6lainat ja yll\u00e4pid\u00e4mme laskelmat p\u00e4\u00e4oma- ja rahoitusvastikkeista sek\u00e4 laskutamme ne<\/li>\n<li>Seuraamme talousarvion pit\u00e4vyytt\u00e4 ja huolehdimme maksuliikenteest\u00e4<\/li>\n<li>Teemme yhti\u00f6lle pelastussuunnitelman, j\u00e4rjest\u00e4mme turvallisuusk\u00e4velyn ja j\u00e4rjest\u00e4mme tarvittaessa asukkaille ja osakkaille asiaan liittyv\u00e4\u00e4 koulutusta.<\/li>\n<li>Peruskorjaushankkeiden valmistelu ja hankkeiden hallinnointi, osallistumme tarvittaessa kilpailutukseen, jne.<\/li>\n<li>Kauttamme saa hankittua my\u00f6s yhteisty\u00f6kumppaneidemme palveluita, esim. peruskorjaushankkeisiin neuvoa, valvontaa, teknist\u00e4 suunnittelua, jne.<\/li>\n<li>Kokoukset voimme pit\u00e4\u00e4 perinteisesti tai s\u00e4hk\u00f6isin\u00e4 &#8211; Sin\u00e4 tarvitset vain toimivan nettiyhteyden ja itsellesi mieluisan laitteen, jolla saat \u00e4\u00e4net kuuluviin ja kuvan n\u00e4kyviin.<\/li>\n<\/ul>\n<ul>\n<li>Tavoitteena on tyytyv\u00e4iset asiakkaat! Ole yhteydess\u00e4, niin katsotaan, mit\u00e4 voimme sinun yhti\u00f6llesi tarjota!<\/li>\n<\/ul>\n","protected":false},"excerpt":{"rendered":"<p>Palvelumme &#8211; kokonaisvaltaista is\u00e4nn\u00f6inti\u00e4 Huolet pois! Me hoidamme. Huolehdimme yhti\u00f6n hallinnosta ja taloudesta Palvelumallimme on monikanavainen: kunkin taloyhti\u00f6n jokainen osakas saa itse valita haluaako h\u00e4n tiedotteet, yhti\u00f6kokousmateriaalit, vastikelaskut ja muun materiaalin sek\u00e4 pit\u00e4\u00e4 yhteytt\u00e4 meihin paperilla vai s\u00e4hk\u00f6isesti Seuraamme aktiivisesti asumiseen liittyv\u00e4n s\u00e4\u00e4ntelyn muutoksia ja trendej\u00e4 ja tiedotamme niiden vaikutuksesta taloyhti\u00f6ille\/hallitukselle Hoidamme yhti\u00f6kokousten j\u00e4rjest\u00e4misen ja &hellip; <a href=\"https:\/\/www.efisannointi.fi\/www\/?page_id=22\" class=\"more-link\">Jatka artikkeliin <span class=\"screen-reader-text\">Palvelut<\/span><\/a><\/p>\n","protected":false},"author":1,"featured_media":0,"parent":0,"menu_order":0,"comment_status":"closed","ping_status":"closed","template":"","meta":{"footnotes":""},"class_list":["post-22","page","type-page","status-publish","hentry"],"_links":{"self":[{"href":"https:\/\/www.efisannointi.fi\/www\/index.php?rest_route=\/wp\/v2\/pages\/22","targetHints":{"allow":["GET"]}}],"collection":[{"href":"https:\/\/www.efisannointi.fi\/www\/index.php?rest_route=\/wp\/v2\/pages"}],"about":[{"href":"https:\/\/www.efisannointi.fi\/www\/index.php?rest_route=\/wp\/v2\/types\/page"}],"author":[{"embeddable":true,"href":"https:\/\/www.efisannointi.fi\/www\/index.php?rest_route=\/wp\/v2\/users\/1"}],"replies":[{"embeddable":true,"href":"https:\/\/www.efisannointi.fi\/www\/index.php?rest_route=%2Fwp%2Fv2%2Fcomments&post=22"}],"version-history":[{"count":9,"href":"https:\/\/www.efisannointi.fi\/www\/index.php?rest_route=\/wp\/v2\/pages\/22\/revisions"}],"predecessor-version":[{"id":182,"href":"https:\/\/www.efisannointi.fi\/www\/index.php?rest_route=\/wp\/v2\/pages\/22\/revisions\/182"}],"wp:attachment":[{"href":"https:\/\/www.efisannointi.fi\/www\/index.php?rest_route=%2Fwp%2Fv2%2Fmedia&parent=22"}],"curies":[{"name":"wp","href":"https:\/\/api.w.org\/{rel}","templated":true}]}}